common factor of 2185509 and 5882.
173
What is the greatest common divisor of 3498290 and 30?
10
Calculate the highest common divisor of 199902472 and 21.
7
Calculate the greatest common factor of 2604446 and 3924.
218
Calculate the greatest common factor of 289356201 and 9486.
4743
Calculate the highest common factor of 1021628461 and 133.
133
Calculate the greatest common factor of 22057373 and 507.
169
Calculate the greatest common divisor of 96 and 153836508.
12
What is the highest common factor of 12 and 549197094?
6
What is the highest common divisor of 1064 and 1425696?
8
What is the highest common divisor of 82600 and 104272?
56
What is the greatest common divisor of 67240 and 1249024?
328
What is the greatest common factor of 21772399 and 1793?
1793
Calculate the greatest common factor of 56904034 and 286.
22
Calculate the greatest common divisor of 1030686966 and 2799.
2799
Calculate the greatest common divisor of 608 and 61107296.
32
What is the greatest common divisor of 13346907 and 39?
3
What is the highest common factor of 395 and 1558354?
79
What is the highest common divisor of 113669059 and 46?
23
Calculate the highest common divisor of 2010 and 8772930.
30
What is the greatest common factor of 11 and 135448621?
11
What is the highest common divisor of 489 and 32417277?
489
What is the greatest common factor of 588306720 and 720?
240
What is the greatest common divisor of 497237 and 169?
13
What is the highest common factor of 882609190 and 10?
10
What is the greatest common factor of 165760 and 894290?
370
What is the highest common divisor of 5587 and 4185512224?
5587
What is the highest common factor of 2417676 and 1284?
12
Calculate the highest common factor of 7183149 and 9.
3
Calculate the highest common divisor of 1564 and 288751936.
1564
Calculate the greatest common factor of 2492 and 1625674.
178
What is the highest common divisor of 442 and 1140462?
34
Calculate the highest common factor of 163840 and 231680.
1280
Calculate the greatest common divisor of 71548 and 805492.
2308
What is the highest common divisor of 757040 and 60880?
80
What is the highest common factor of 2180 and 61487336?
436
Calculate the highest common factor of 8896021 and 74.
37
Calculate the greatest common factor of 174202 and 562640.
1082
Calculate the greatest common factor of 59657424 and 104.
8
Calculate the greatest common factor of 259 and 1004423.
7
Calculate the highest common divisor of 54683 and 249927.
367
Calculate the greatest common factor of 4563 and 56770389.
351
Calculate the greatest common factor of 578 and 27522337.
289
Calculate the highest common divisor of 96 and 2446152.
24
Calculate the highest common divisor of 1832 and 74494616.
1832
Calculate the highest common divisor of 20645220 and 4700.
940
What is the highest common factor of 17934 and 330750?
294
Calculate the greatest common divisor of 4803929 and 6929.
533
What is the greatest common factor of 408 and 2296989?
51
What is the highest common divisor of 341577 and 21546?
81
Calculate the highest common factor of 120626 and 238282.
22
Calculate the highest common divisor of 272 and 4557581.
17
Calculate the highest common divisor of 301636 and 52268.
292
What is the greatest common divisor of 6375537 and 50323?
3871
What is the highest common divisor of 32802054 and 834?
834
What is the greatest common divisor of 54475036 and 15492?
5164
Calculate the greatest common divisor of 14 and 5692862.
14
What is the greatest common factor of 1967004 and 4680?
468
What is the highest common divisor of 8 and 70688350?
2
What is the highest common factor of 489 and 83904413?
163
Calculate the greatest common factor of 2910475 and 367775.
1175
Calculate the greatest common divisor of 1454 and 174059794.
1454
Calculate the greatest common factor of 3635373 and 119.
7
Calculate the highest common divisor of 3681781 and 1.
1
What is the greatest common factor of 53262405 and 210?
105
What is the greatest common divisor of 664083791 and 10409?
10409
What is the greatest common factor of 143 and 16286387?
13
What is the highest common divisor of 19 and 42052?
1
What is the greatest common divisor of 183475108 and 10232?
5116
Calculate the highest common divisor of 310530406 and 23.
23
Calculate the greatest common factor of 4386 and 213194.
86
Calculate the highest common divisor of 154390 and 30410.
10
What is the highest common factor of 26352 and 134548371?
1647
Calculate the greatest common divisor of 3257213 and 944.
59
What is the greatest common divisor of 38855 and 1744385?
2045
Calculate the highest common divisor of 1040984 and 171332.
812
Calculate the highest common divisor of 13568144 and 1124208.
3376
Calculate the greatest common factor of 2204 and 16575182.
1102
What is the highest common divisor of 37138686 and 78?
78
Calculate the highest common factor of 675 and 115564050.
675
Calculate the highest common factor of 308 and 60276048.
28
What is the greatest common divisor of 9578269 and 89?
89
What is the greatest common factor of 7341406 and 16?
2
What is the highest common divisor of 2984 and 68038184?
2984
What is the highest common factor of 523050449 and 57?
19
What is the greatest common factor of 427 and 376301192?
61
Calculate the highest common divisor of 797076 and 174972.
84
What is the highest common divisor of 3979246 and 1102?
38
Calculate the highest common factor of 533943707 and 407.
407
Calculate the greatest common factor of 7929 and 52173.
9
Calculate the highest common divisor of 4008596108 and 58.
58
Calculate the greatest common divisor of 435032 and 250624.
712
What is the highest common factor of 46 and 127317857?
23
Calculate the greatest common divisor of 20 and 57742730.
10
What is the highest common factor of 1799015 and 1027615?
2755
Calculate the highest common divisor of 84194 and 26135384.
1958
What is the greatest common factor of 410923 and 1324049?
163
What is the greatest common factor of 26 and 24428027?
13
Calculate the greatest common divisor of 207944 and 22304.
136
What is the highest common divisor of 835072 and 2563?
233
What is the highest common factor of 2743497360 and 90?
90
Calculate the highest common factor of 69930489 and 1423.
1423
What is the greatest common factor of 53 and 383080979?
53
What is the highest common factor of 972 and 119226?
6
What is the highest common factor of 4766124 and 1452?
132
What is the highest common divisor of 3859 and 439739?
17
Calculate the greatest common divisor of 1806879 and 2091.
51
What is the highest common divisor of 13068442 and 54548?
2098
Calculate the greatest common factor of 31627443 and 303.
303
Calculate the highest common factor of 207 and 11014585.
23
Calculate the greatest common factor of 1122045 and 317205.
285
What is the highest common factor of 12441 and 4050111?
1131
What is the greatest common divisor of 36310197 and 531069?
4389
Calculate the greatest common factor of 22869273 and 84.
21
Calculate the greatest common factor of 272535 and 6585.
15
Calculate the greatest common divisor of 249820 and 2704.
4
Calculate the highest common divisor of 389416984 and 904.
904
Calculate the highest common factor of 30000236 and 10994.
478
Calculate the greatest common factor of 217 and 10686165.
217
Calculate the greatest common divisor of 3094974 and 62550.
2502
Calculate the highest common factor of 7512 and 47546265.
939
What is the highest common divisor of 80 and 2081390?
10
Calculate the greatest common divisor of 109020254 and 42.
14
What is the greatest common factor of 35310 and 969210?
330
What is the greatest common divisor of 105 and 405057345?
105
What is the highest common divisor of 38891310 and 830?
830
What is the greatest common divisor of 1280 and 121810688?
256
What is the greatest common factor of 45 and 16239315?
15
What is the greatest common divisor of 2144 and 98742456?
536
Calculate the highest common divisor of 14540 and 2292580.
20
Calculate the highest common factor of 11410 and 1099630.
70
Calculate the greatest common factor of 3957228 and 3564.
1188
Calculate the highest common factor of 4689 and 16961676.
1563
What is the greatest common factor of 67234788 and 108?
36
Calculate the highest common divisor of 21817434 and 2